the prime factors of x.
5
Suppose -2 = -2*g + 4*p, -3*g - 3*p + 3 = -p. Let a be (2 - 2) + g + 2. Let c(z) = z**3 - 2*z**2 - 2. What are the prime factors of c(a)?
7
Let g(i) = 7*i**2 + 3*i - 29. Let m(o) = 4*o**2 + 2*o - 14. Let h(a) = -3*g(a) + 5*m(a). What are the prime factors of h(0)?
17
Let h(j) be the second derivative of j**5/20 + j**3/3 + 5*j. What are the prime factors of h(2)?
2, 3
Let w(z) = -64*z. List the prime factors of w(-1).
2
Let h(a) = a**2 - 6*a - 4. Let f be (-61)/(-9) - (-4)/18. Let i be h(f). Let m = i - -10. What are the prime factors of m?
13
Let g(a) = -47*a + 1. Let l be g(-3). Suppose -c - l = -3*i, 2*i + 2*c - 81 = 3. What are the prime factors of i?
2, 23
Let r(u) = -9*u**3 - 2*u**2 - 2. List the prime factors of r(-2).
2, 31
Suppose w = -5*d + d + 42, 4*d - 178 = -5*w. What are the prime factors of w?
2, 17
Let c(x) = -4*x + 1. Let h(z) = -23*z + 5. Let g(p) = 34*c(p) - 6*h(p). Let j be g(4). Let l = -6 + j. List the prime factors of l.
2, 3
Let a(w) be the third derivative of -w**5/60 - w**4/6 + 7*w**3/6 + w**2. Let c be (-6)/1 + (-2)/(-2). List the prime factors of a(c).
2
Let k(j) = 9*j**2 + 5*j + 12. What are the prime factors of k(-3)?
2, 3, 13
Let b be -1 + 0 + 2 - 5. Let g(c) = -3*c - 1. What are the prime factors of g(b)?
11
Let d = -70 + 120. Let u(b) = -35*b**2 - b - 1. Let w be u(-1). Let y = d + w. List the prime factors of y.
3, 5
Suppose 0 = -3*w + 4*k + 8, -k - 11 = 2*w - 5*w. Suppose w*q - 3*q - 6 = 0. What are the prime factors of q?
2, 3
Let l(a) = -16*a**3 - 2*a**2 - 2*a - 1. Let y be l(-1). Let r = y + 0. List the prime factors of r.
3, 5
Let y = 517 - 357. What are the prime factors of y?
2, 5
Suppose 4*y + 2*b - 130 = 0, -5*b = -y + 4*y - 87. What are the prime factors of y?
2, 17
Let k be -7 - -7 - (1 - 1). Suppose 3*c + 33 - 159 = k. What are the prime factors of c?
2, 3, 7
List the prime factors of (-3 + (-56)/(-12))*51.
5, 17
Suppose 6*n - 20 = -3*d + 2*n, n - 5 = 2*d. Suppose d = -2*v + 3*y + 52, 0 = -0*v + 4*v + 5*y - 104. Suppose 4*u - 22 = v. List the prime factors of u.
2, 3
Let u(p) be the third derivative of -p**4/24 + p**3/6 - 2*p**2. What are the prime factors of u(-2)?
3
Let q(r) = r**3 + 6*r**2 - 9*r + 3. Let l be (-2)/(-5) + 407/(-55). List the prime factors of q(l).
17
List the prime factors of (-28)/(-2) - (3 + 0).
11
Let y = 337 - 108. What are the prime factors of y?
229
Suppose 0*n + o = n - 109, 3*o = 4*n - 439. What are the prime factors of n?
2, 7
Let x(m) = 2*m**2 - 6*m - 71. List the prime factors of x(-11).
3, 79
Suppose 0 = -3*l + 2*l. Suppose l = 3*y + 2*y - 250. List the prime factors of y.
2, 5
Let n be (-1 - -2) + (6 - 3). Suppose -4*s = -80 + n. Let d = s - 6. List the prime factors of d.
13
Let p(n) be the second derivative of -n**5/20 - n**4/2 - 2*n**3/3 - n**2/2 - n. Let i be p(-5). List the prime factors of i/(-2) + (2 - -1).
2, 3
What are the prime factors of 6/(-9) - ((-645)/9 - -4)?
67
Let w(x) = 3*x**2 - 2*x - 2. Let o be w(2). Let d = o + -3. Suppose -5 = -d*f + 7. What are the prime factors of f?
2
Let v be (-1 + (-3)/(-1))*-4. List the prime factors of (-5)/(20/v) - -28.
2, 3, 5
Suppose -3*o + 4*o = -5*i, 5*o + 5*i = 0. Suppose o = -2*g - 3*g + 200. List the prime factors of g.
2, 5
Suppose 0 = 4*p - 4*v + 156, v + 123 = -3*p + 2*v. Let w = p - -59. What are the prime factors of w?
17
Suppose -3*i = -7*i - 24. Let o be 4/i*(-282)/(-4). Let j = -33 - o. What are the prime factors of j?
2, 7
Suppose -i + q = -67, -4*q = -3*i - 2*q + 204. List the prime factors of i.
2, 5, 7
Let b(z) = 3*z**2 - 6*z + 4. Let k be b(2). Suppose 20 + 10 = 5*u. Suppose m - 4*o - u = 4, m + k*o - 18 = 0. List the prime factors of m.
2, 7
Suppose -a = 2*d - 3*d + 120, -3*a + 354 = 3*d. List the prime factors of d.
7, 17
Suppose -7 = -i - 2. What are the prime factors of 35/i - -2*1?
3
Let l = 43 - 10. Let w = 4 + l. What are the prime factors of w?
37
Let t = -42 - -138. What are the prime factors of t?
2, 3
Let q(z) = -46*z + 6. List the prime factors of q(-1).
2, 13
Suppose -3*j + 173 = -4*q, 2*q + 92 = -5*j + 389. List the prime factors of j.
59
Let p = -1 + 4. Suppose -p = -n + 1. What are the prime factors of n?
2
Let a(g) = 7 + 2*g + 2*g**2 + 0*g + 3*g - 2. What are the prime factors of a(-4)?
17
Suppose 2*j - 22 - 31 = -c, 3*c - 4*j = 129. List the prime factors of c.
47
Suppose 0*f - 16 = 4*f + j, 0 = 3*f - j + 5. Let u(r) = -r**3 + 2*r**2 + 6*r + 3. What are the prime factors of u(f)?
2, 3, 5
Suppose -a = -4*j + 23, j - 5*a = -0*j + 1. Let g = -4 + j. Suppose 38 = 4*r - g*p, 3*p = -4*r + 55 + 8. What are the prime factors of r?
2, 3
Let n(i) = i - 2. Let v be n(2). Let t be (12/3)/(1 + v). Suppose 4*w - 38 = z, -3*z = -w - 0*z + t. What are the prime factors of w?
2, 5
Suppose 0 = -4*i - 0 + 36. What are the prime factors of i?
3
Suppose n + 9 = 43. What are the prime factors of n?
2, 17
Let i(q) = -2*q**3 - q**2 - 4*q - 5. Let w be (2/(-5))/(1/5). List the prime factors of i(w).
3, 5
Let o = 62 - -3. List the prime factors of o.
5, 13
Let b(g) be the second derivative of -2/3*g**3 + 0*g**2 + 0 + g. List the prime factors of b(-1).
2
Let m(s) = s**3 + 12*s**2 - 3*s + 9. What are the prime factors of m(-8)?
17
Suppose -2*r - 50 = -m - 3*r, -3*r = 0. List the prime factors of m.
2, 5
Let k = 0 + -5. Let s(c) = -4*c - 3. List the prime factors of s(k).
17
Suppose 0*q - 2*q - 17 = -3*f, 3*f - 3*q = 12. Let d = f - 3. What are the prime factors of d?
2, 3
Suppose -5*b + 30 = 4*z + 1, -2*z + 17 = 3*b. What are the prime factors of 40 - (z + (-2 - 1))?
2, 3, 7
Let o(l) be the first derivative of l**5/60 - l**4/24 - 2*l**3/3 + l**2/2 - 3. Let d(c) be the second derivative of o(c). What are the prime factors of d(4)?
2
Let u be 21 + (1 - (6 - 2)). What are the prime factors of (2/2)/(1/u)?
2, 3
Suppose -2*d = g - 0 - 1, 2*d = 4*g + 26. What are the prime factors of (-67)/g + 18/30?
2, 7
Suppose -5*i - 4*z + 1338 = 0, -3*i - 5*z + 2*z = -801. What are the prime factors of i?
2, 3, 5
What are the prime factors of -1*(0 - 2)*31/2?
31
Suppose 6*q = q + 2*b + 14, 0 = 3*q + 4*b + 2. Suppose -f + q = -15. List the prime factors of f.
17
Let k = 1 + -1. Let b(p) = 15 - 2*p**2 - 4*p**2 - 1 - p**3 + 5*p**2. List the prime factors of b(k).
2, 7
Let h be 3*(20 - -1)/3. Suppose h = -x + 4*x. What are the prime factors of x?
7
Let z(p) be the first derivative of -16*p**3/3 - 2. Let o be z(-1). Let n = o - -26. List the prime factors of n.
2, 5
Suppose 18 + 22 = 4*f. Let r = f + -6. What are the prime factors of (r - 2 - 0)*4?
2
Let l = 82 + -80. What are the prime factors of l?
2
List the prime factors of 600/27 - -4*(-1)/18.
2, 11
Suppose -24 = 5*w + 6. Let a be (-13)/(-4) - 1/4. What are the prime factors of a/2*(-8)/w?
2
Suppose 0 = 3*i + 2*i. Suppose 5*q = 25 - i. List the prime factors of q.
5
Let l(c) = -31*c**2 + c. Let g be l(-1). Let j = g + 50. List the prime factors of j.
2, 3
Let o(d) = -d + 2. Let j be o(4). Let w = 2 - j. Suppose 68 = w*q - n + 15, 3*n = -4*q + 33. What are the prime factors of q?
2, 3
Let b(v) = -12*v + 3. Let x(q) = -3*q + 3. Let a be x(2). Let r be b(a). Let y = r - 20. List the prime factors of y.
19
Suppose -4*w - 15 = -x, 4*w = 3 + 13. Suppose 0 = -5*t + x - 11. List the prime factors of t + (1 + -3)/2.
3
Let l(q) = -64*q**3 - 2*q - 1. Let w be l(-1). Let c = -2 + 7. Suppose w = c*h + 5*u, u + 19 = -0*h + 3*h. List the prime factors of h.
2
Let d(k) = 5*k**2 + k + 24. List the prime factors of d(0).
2, 3
Let r(p) = p**3 + 9*p**2 + 7*p - 10. Let b be r(-7). Let l = b + -27. What are the prime factors of l?
2, 3
Let a = 9 + 0. Suppose -r + a - 3 = 0. List the prime factors of r.
2, 3
Let r(s) = -s**3 - 10*s**2 - 4*s + 11. What are the prime factors of r(-11)?
2, 11
Let j(x) be the first derivative of x**3/3 + 5*x**2/2 + 2*x - 1. Let a be -1*(-1)/((-1)/5). What are the prime factors of j(a)?
2
Let x = 130 - 16. List the prime factors of x.
2, 3, 19
Suppose 0 = -4*f + 4*n + 112, -f - 2*n = n - 48. List the prime factors of f.
3, 11
Suppose -975 = -5*a - 2*o, 3*a + 3*o - 585 = -o. List the prime factors of a.
3, 5, 13
Let w(o) = -o**2 + 6*o + 8. Let k be w(6). Suppose -3*d + 5*r = -14, -4*d - 4*r + k = -0*d. Let c = 5 - d. What are the prime factors 